eatest common divisor of t and r.
19
Let p(a) = 11*a**2 + 6*a - 71. Let z be p(6). Suppose 0 = 6*b - 11*b + 10, -2*b - z = -5*l. What is the highest common divisor of 657 and l?
73
Let k be (36/20)/(2 + 51/(-30)). Let r(v) = 2*v + 52. Let t = -83 - -58. Let u be r(t). What is the greatest common factor of k and u?
2
Suppose -8*b = -3*b + 85. Let u be (-1 + b)*(-62)/93. Suppose 5*k = 106 + 374. What is the highest common divisor of k and u?
12
Let s be (-1 + -31 - -1)/(17 - 16). Let k = s - -40. Suppose -2*x + 3*v + 2 + k = 0, -2*v = 4*x - 46. Calculate the highest common divisor of x and 2.
2
Let j be -3*(-6)/(-9) - 78. Let h = j - -179. Let v be 220/11 - (-8)/(-16)*-4. Calculate the greatest common divisor of h and v.
11
Suppose 34 = -2*o - 3*h + 39, 8 = -o - 5*h. Calculate the greatest common factor of o and 5446.
7
Let i(q) = q**2 - 8*q + 599. Let h be i(-31). What is the greatest common factor of 16 and h?
16
Suppose l - 31 = -2*u - 0*u, -3*l + 4*u = -113. Suppose 892*y - 675*y - 1085 = 0. Calculate the highest common factor of y and l.
5
Let p be 5 - 0 - (-43)/1. Suppose 0 = -25*w + 29*w - p. Calculate the highest common factor of w and 12.
12
Let v(r) = -3*r + 3 + 12 + 2*r. Let i(u) = 8*u**2 - 576*u + 6. Let q be i(72). Let w be v(q). What is the highest common divisor of 27 and w?
9
Suppose 1490 = 5*t - 0. Let n = 57 + t. Calculate the greatest common divisor of 5 and n.
5
Let w be ((-234)/8)/(3/(-8)). Suppose 4701*y - 4696*y - 590 = 0. Let u = y - w. Calculate the highest common factor of u and 5.
5
Let h(s) = s**2 + s + 144. Let k be h(-17). What is the greatest common factor of k and 260?
52
Let a be -4 + (1 - -23)/(-4). Let k(n) = -n**2 - 7*n + 44. Let h be k(a). What is the highest common divisor of 28 and h?
14
Suppose 8*f - 4*f = 0. Suppose -5*n + 800 = -f*n. Suppose -x + 68 = 4. Calculate the greatest common factor of x and n.
32
Let o be (-9)/(-15) - 17/(765/(-7263)). Calculate the highest common factor of 66 and o.
6
Suppose 0 = -24*n - 1053 + 1437. Let v(u) = -u**3 - 4*u**2 - 3*u + 4. Let s be v(-5). Calculate the greatest common divisor of n and s.
4
Suppose z = 3*s + 118, 2*z + 69*s = 67*s + 260. What is the highest common factor of 3937 and z?
127
Let d be 170498/978 + (-1 - (-2)/3). Calculate the highest common factor of d and 30102.
174
Let x(b) = 7*b**2 + 87*b + 3053. Let z be x(-36). What is the highest common factor of z and 115?
23
Suppose -13*g - 52*g + 3640 = 0. What is the greatest common divisor of 14 and g?
14
Let r = 274 - 250. Suppose k - r = -3*m, 14*m - 11*m = -12. Calculate the highest common divisor of 156 and k.
12
Let v = 173 - 255. Let n = 313 + v. Let t = -9 + 30. What is the greatest common divisor of n and t?
21
Suppose 141 = 18*r + 51. Suppose 0 = v + 2*v - 360. Suppose 4*x = r*b + x - v, -3*x - 15 = 0. Calculate the highest common divisor of b and 63.
21
Let v = 24 + -9. Suppose -9*h + 18 = -10*h. Let l be (-2 - 0) + 139 + h + 16. Calculate the highest common factor of l and v.
15
Let o be 7 - ((3 - 8) + (-122 - 13)). Calculate the greatest common factor of o and 7791.
147
Let y be (-114)/(-741) - 360/(-26). Let j = 0 - 0. Suppose j = -k - 0*k + 112. What is the greatest common divisor of k and y?
14
Let y be 24*4/36*6. Suppose y*i = 39*i - 5152. Let u be (-1)/(-4) - (-333)/12. What is the greatest common divisor of u and i?
28
Suppose 32374 + 21523 = 257*i - 11638. What is the highest common divisor of 901 and i?
17
Let k = 32 + -28. Suppose 3*j = -2*g + 34, 2*j = k*g - 1 - 3. Suppose q - 32 = -j. Calculate the greatest common factor of 24 and q.
24
Let b be 34081/173*10*1. Calculate the greatest common factor of 50 and b.
10
Suppose -40*p - 211911 = -p - 727920. Calculate the highest common factor of p and 131.
131
Let p(n) = -31*n + 809. Let z be p(26). What is the highest common factor of z and 921?
3
Let o = 51 - 89. Let y = o + 36. Let l(j) = 5*j**2. Let z be l(y). What is the highest common divisor of 10 and z?
10
Let j be 0/2 - -5*(-24)/(-12). Suppose 26 - 76 = -j*c. What is the highest common factor of 130 and c?
5
Let q(a) = -2*a**2 - 26*a - 5. Let y be q(-11). Suppose -264 - 50 = -w - 2*c, -5*w - 2*c = -1562. Calculate the greatest common factor of w and y.
39
Suppose 0 = 3*r + 21 - 27. Suppose r*j - 2640 = -2*j. Suppose -7*h + h = -j. What is the highest common divisor of h and 10?
10
Let f(h) = h**3 - 12*h**2 - 10*h - 41. Let p be f(12). Let m = p + 186. Calculate the greatest common divisor of m and 50.
25
Let k be (-7)/((-21)/(-1737))*(-1 + 136/(-6)). What is the highest common factor of k and 71?
71
Suppose 0 = 2*z + 2*n - 18, -2*z + 2*n + 6 = -2*n. Let f be 741 - (z + -1) - -2. Calculate the highest common divisor of f and 11.
11
Let t be 1/((-3)/(-405)) + -22 + 22. What is the highest common divisor of t and 621?
27
Let j = 2827 + -2824. Calculate the highest common divisor of j and 249.
3
Suppose -13*h - 506 = 222. Let g = -14 - h. What is the greatest common factor of g and 84?
42
Suppose -6*l = -3*o - 3*l + 3099, -2076 = -2*o - 3*l. Calculate the greatest common divisor of 138 and o.
69
Let q = -17662 + 18036. Let s be (-1 - 65)/((-6)/8). Calculate the greatest common divisor of q and s.
22
Suppose 3*l + 0 - 49 = s, 0 = -3*l - 4*s + 74. Let i(k) = -7*k - 19. Let q be i(-4). Suppose -396 = -20*m + q*m. What is the highest common divisor of m and l?
18
Let c be (-8)/18 + (-44)/(-18). Suppose -c*o - 3*o = -45. Calculate the greatest common divisor of o and 27.
9
Suppose 0 = -3*t - 3*y + 57, -y - 43 = -4*t + 38. Suppose g - 80 = 4*f, 2*g = 6*g - f - 245. What is the greatest common divisor of t and g?
20
Let a be (3 + -8285)/(-12 + 14 + -3). What is the greatest common divisor of 202 and a?
202
Let c = 1772 - 1740. What is the highest common divisor of c and 1?
1
Suppose -3*y + 4*b = -31930, -4*y - 42564 = -8*y + 4*b. What is the greatest common factor of 78 and y?
26
Let y be 3 + 3644/38 + (-20)/(-190). What is the highest common divisor of 275 and y?
11
Let n be 25 + 1 + 1 + -2. Suppose 0 = n*q - 29*q + 120. Suppose -37*c + 9*c + 280 = 0. What is the highest common factor of c and q?
10
Suppose 4*l - 5*j - 332 = 0, -3*l + 106 = -4*j - 143. Suppose 0*n - 267 = -3*h - 3*n, h - l = -3*n. What is the highest common divisor of h and 138?
46
Suppose b + 4290 = -10*b. Let d = 405 + b. What is the greatest common factor of d and 45?
15
Let x = -4694 + 4716. Let r(m) = m - 4. Let t be r(7). Suppose t*l - 27 = 138. What is the greatest common divisor of l and x?
11
Let b = -215 - -215. Suppose -3*a = -4*y - 61, b = -2*a + 4*y - 0*y + 46. What is the greatest common divisor of 75 and a?
15
Let u be (81 + 30222/(-365))/(2/(-50)). Suppose -4*f - 2*l + 17 = -3*l, -4*f + 35 = 5*l. What is the highest common divisor of u and f?
5
Let p be (-2)/4*((1 - 33) + 6). Suppose -21*o + p = -8. Let d = -6 - -10. What is the greatest common divisor of o and d?
1
Suppose -117*c = -102*c - 210. Suppose 12*o - 572 = -c*o. What is the highest common divisor of o and 627?
11
Let z be (2376/40)/(3/15). Calculate the greatest common factor of 99 and z.
99
Let r be 179 + 0 - (-13 + (-2 - -7)). What is the greatest common divisor of r and 1139?
17
Let a be 10 + 5 + 5/(-1) + -5. Let l be -20*(3 + (-12 - a)). What is the highest common divisor of l and 40?
40
Let x be (195/26)/((-1)/(-12)). Suppose 18 = 3*q - x. Suppose 5*y = 165 + 285. Calculate the greatest common divisor of y and q.
18
Let m(j) = 2*j**3 + 22*j**2 - 35*j - 76. Let i be m(-12). What is the greatest common divisor of 329 and i?
7
Suppose -2*l = 3*q - 81, 5*l = 5*q + 194 - 54. Let a be (-163)/(-3) + 8/12. Calculate the highest common divisor of a and l.
11
Let q be 928/12 - 1/3. Suppose 398*t = 399*t - 8 - 36. Calculate the highest common divisor of t and q.
11
Suppose -3*g = 4*v - 1500, 4*g + 326 = -2*v + 1076. Suppose 6*o - v + 9 = 0. Calculate the highest common factor of 793 and o.
61
Suppose -2*k + 23 = -8*q + 3*q, k - 2*q = 11. Suppose 69 + k = 2*c. Suppose -15 = 2*m - c. Calculate the greatest common divisor of m and 6.
6
Suppose 2*m - 11788 = -2*v, v - 46*m = -41*m + 5888. What is the highest common factor of v and 166?
83
Let l be ((-55)/(-44) + (-2)/8)*-131. Let a = 141 + l. Calculate the highest common factor of a and 45.
5
Let o(v) = 